 = -25 - x. What is the greatest common factor of m and 15?
3
Let o be (62 - -2)/(45/630). What is the highest common divisor of 35 and o?
7
Suppose -19*g = 16382 - 6103. Let d = g - -681. Calculate the greatest common factor of 350 and d.
70
Suppose -12228 = -2*j - 2*a, -a + 3899 + 26683 = 5*j. What is the highest common divisor of j and 3?
3
Suppose -240 = -u + 169. Let n = u - 406. Calculate the highest common divisor of 7 and n.
1
Let d = 14898 + -12369. Calculate the greatest common factor of 9 and d.
9
Suppose 14 - 140 = -3*t. Suppose 47*d - 42*d + 1355 = 5*q, 4*q + 5*d = 1102. Calculate the highest common divisor of t and q.
21
Let m be (-31 - -3)*((-3)/(-21) + -1). Suppose 7*c = 4*c + 18. Let s be (-24)/4*(-16)/c. Calculate the greatest common divisor of m and s.
8
Let v(q) = 38*q**2 + 2*q. Let x be v(-1). Let a be ((-2 - -1)*12)/((-820)/615). Calculate the greatest common factor of x and a.
9
Suppose -48 = -4*x + 4. Let d(u) = 8*u + 237. Let o be d(11). Calculate the highest common factor of x and o.
13
Let l be 1404/10 + 2/(-5). Let p be (-89)/(-5) + (-781)/(-355). What is the highest common factor of l and p?
20
Let t = 93594 - 55661. What is the greatest common divisor of 7 and t?
7
Let q be (-4)/((-87)/12 - 7/(-1)). What is the highest common factor of 104 and q?
8
Let g(v) = -4*v. Suppose -3*c - 56 - 82 = 0. Let n = c + 39. Let f be g(n). What is the greatest common factor of f and 252?
28
Suppose o - 40 = -5*q, -2*o = -o. Let p be (3 - 114/30)/(1/(-90)). What is the greatest common factor of p and q?
8
Let i be (-336)/(-54) + (-2)/9. Let b be -16 + (47 - -9) - 1*-8. Calculate the greatest common divisor of b and i.
6
Suppose -22*k = -20*k + 4*z - 88, -4*z = -4*k + 164. Let i be 40/(-220) + (-1544)/(-22). What is the greatest common factor of i and k?
14
Let w(h) = -5*h - 26. Let o be w(-8). Suppose -5 = 9*a - o*a. Let l be -1 + 0 + 2 + 1/a. Calculate the highest common factor of 8 and l.
2
Suppose -253 = -4*d + 2*m + 511, -573 = -3*d - 3*m. Let x = d + -187. Suppose -l = n - 12, l + n - 14 = -n. What is the greatest common divisor of x and l?
2
Let k be 16/12 + 4/6. Let l be 837/54 - (1/(-2) + k). Calculate the highest common factor of 154 and l.
14
Suppose 0*i + 16 + 32 = 6*i. Let v(y) = -y**2 + 7*y + 2. Let b be v(7). Calculate the highest common factor of b and i.
2
Let n(t) = 2*t**2 - 14*t + 20. Suppose 8*w - 39 = -5*w. Suppose 7*c = w*c + 24. Let l be n(c). Calculate the greatest common factor of 32 and l.
8
Let c = -35 - -153. Let i = 138 - c. Let w(q) = q + 2. Let v be w(6). Calculate the greatest common divisor of v and i.
4
Let w = 16 + 9. Let x = -6372 + 6374. What is the greatest common factor of x and w?
1
Suppose -3*d + k = -22857, 4*d + 4494 - 34964 = 2*k. Calculate the highest common factor of 412 and d.
206
Let x be (-473)/4 - 1/(-4). Let g = 22 - x. Let r = -80 + g. What is the greatest common factor of 90 and r?
30
Let r(s) = -69*s**2 + 8*s - 23. Let q(v) = 2*v**2 + v. Let p(t) = -4*q(t) - r(t). Let n be p(2). What is the greatest common factor of 9 and n?
9
Let b be (-11 + (25 - 9))*4. Calculate the highest common divisor of b and 1550.
10
Let d(q) = -q**2 - 28*q + 53. Let z be (390/(-120))/(-1 + (-9)/(-8)). Let x be d(z). What is the greatest common factor of 42 and x?
21
Suppose -2*v = -10, o - 3*v + 2 = -7. Let u be 12/(-15)*(-11 + o). What is the greatest common factor of 20 and u?
4
Let w(a) = 9*a**3 - 9*a**2 + 2*a + 4. Let d be w(2). Suppose -2464 = -0*o - d*o. Calculate the greatest common divisor of o and 64.
8
Let u = -49460 + 49478. Suppose -k - 4 = d, -5*d - 3 - 7 = -5*k. Let s be (6/(-4))/d*54. Calculate the highest common factor of u and s.
9
Let r be 592/(-24)*(-9)/2. Suppose 3*u - 117 = -2*k + 2*u, -2*k = -u - r. What is the greatest common divisor of k and 76?
19
Suppose 3*n = 7*n - 16, 4*t = -2*n + 10116. Calculate the greatest common divisor of t and 133.
133
Suppose 20*f = -0*f + 40. Suppose -f*v + 38 = -0*d - 2*d, -2*v + 35 = -3*d. What is the greatest common divisor of v and 4?
2
Let u = 98 + -56. Let x = -20 + u. Let d be (-610)/(-7) + (-18)/(-21). What is the highest common factor of d and x?
22
Let n(f) = -f**3 + 8*f**2 - 3*f + 1. Let x be n(5). Let a be 671*(-11)/22*-2. What is the greatest common factor of x and a?
61
Let u be 6290/25 + ((-8)/5)/(-4). Calculate the highest common factor of u and 378.
126
Suppose 13*d = -1966 - 946. Let l be (d/(-140))/((-1)/(-20)). What is the highest common divisor of 448 and l?
32
Let u be (5/(3 + -8))/(((-60)/(-162))/(-10)). Calculate the greatest common divisor of u and 135.
27
Let a(r) = -117*r - 5. Let q be a(-1). Let u be 2992/q - (-2)/7. What is the greatest common divisor of u and 324?
27
Suppose -480*l + 2*q = -483*l + 310, -5*l - 4*q + 514 = 0. What is the greatest common factor of 848 and l?
106
Let b(i) = 2*i**2 + 4*i + 28. Let h be b(15). Suppose 0 = -22*t - 186 + h. Suppose -2*c + 17 = 1. What is the greatest common factor of c and t?
8
Let o(m) = -43*m - 95. Suppose 3*n + n = 3*g - 28, -20 = 2*n - 3*g. Let b be o(n). What is the greatest common factor of b and 165?
11
Let g be ((-163)/20 - 4/16)*10. Let j = g + 122. Let i(b) = b**3 + 21*b**2 - 3*b + 32. Let u be i(-21). What is the greatest common factor of u and j?
19
Let s(f) = f**2 + 16*f + 41. Let d be s(-13). Suppose -l + d*y = -17, y = -l - 2*l + 23. What is the highest common factor of l and 18?
9
Let k = 50 - -4. Let p(r) = -109*r**3 - r**2 + 18*r + 18. Let b be p(-1). Let t = b - k. Calculate the highest common divisor of t and 216.
54
Suppose p - 3 = -2*o, 0 = -3*o + 2*o - 5*p + 6. Let z be o/(-7) + 13/(-7) - -30. Suppose -4*a + 0 = -z. Calculate the greatest common divisor of 112 and a.
7
Let b = -130 + 64. Let s be ((-2)/3)/(1/1)*b. What is the greatest common factor of s and 121?
11
Let o be -3*((-2)/(-9) - (-5440)/(-45)) + 2. What is the greatest common factor of 24 and o?
4
Suppose -5*g + 33696 = -3*z, -z - g - 16252 + 5020 = 0. Let t be z/(-126) - (-12)/14. What is the greatest common factor of t and 20?
10
Let d(j) = -2*j**3 - 46*j**2 - 126*j - 75. Let y be d(-20). Calculate the highest common divisor of y and 2010.
15
Let v = 10736 + -5918. What is the highest common divisor of 198 and v?
66
Suppose 864 = 103*f - 91*f. Suppose -8*p - f = -14*p. Calculate the greatest common factor of p and 264.
12
Suppose 77*x + 36*x - 830764 = 860959. Calculate the greatest common factor of x and 11.
11
Suppose -4*p - 52 = -72. Suppose -p*s + 0*s + 20 = 0. Suppose -3*r = -a + 16, s*r = -5*a - 14 + 94. What is the greatest common factor of 16 and a?
16
Let b(d) be the second derivative of d**5/20 + 3*d**4 - 35*d**3/6 + 38*d**2 - 2*d - 57. Let x be b(-37). Calculate the greatest common divisor of x and 40.
2
Let o be (26/(-39))/(9/(-4347)). What is the highest common factor of 6923 and o?
161
Suppose 436 = -5*g + 2*i + 1794, -2*g + 3*i + 541 = 0. Let w be (7 + 32/20 - 9)*-40. Calculate the greatest common divisor of w and g.
16
Let u(q) = 1367*q - 137. Let s be u(9). Calculate the highest common factor of 22 and s.
22
Let i(n) = -8*n - 4. Suppose 52 - 50 = -k. Let d be i(k). Calculate the highest common factor of d and 12.
12
Suppose 18*a + 86 - 32 = 0. Let p be (-3 - a/6)*(-480)/50. What is the highest common factor of 24 and p?
24
Let c be 4*3*(-4 + 3). Let n(x) = -2*x + 12. Let h be n(c). Let z be (2 - 52/25)*-45*25. Calculate the greatest common divisor of h and z.
18
Let d(a) = 3*a**2 + 631*a - 338*a + 8*a**2 - 23 + a**3 - 339*a. Let l be d(-14). Let k = -5 + 8. What is the greatest common divisor of k and l?
3
Let c be (-12)/(-22) + (-639)/(-99). Let i(x) = x**3 + 11*x**2 - 3*x + 2. Let f be i(-11). Calculate the highest common factor of c and f.
7
Let i = -13790 - -24002. What is the highest common factor of 1104 and i?
276
Suppose 3*j = 2*t + 22, -3 = t - 7. Suppose 12*n + 4*n = 96. Calculate the greatest common factor of j and n.
2
Let m(l) = -2*l + 44. Let a = 32 + -27. Let t be m(a). What is the highest common factor of t and 51?
17
Let l(n) = 238*n - 2011. Let g be l(32). What is the highest common factor of 59 and g?
59
Suppose 145*u + 7980 = 155*u. Calculate the greatest common factor of u and 189.
21
Let b = -9854 - -10954. What is the greatest common divisor of 300